{"id":512,"date":"2013-06-13T12:24:52","date_gmt":"2013-06-13T10:24:52","guid":{"rendered":"http:\/\/controle2gestion.com\/weanimal\/?page_id=512"},"modified":"2025-10-21T17:03:59","modified_gmt":"2025-10-21T15:03:59","slug":"communication-animale","status":"publish","type":"page","link":"https:\/\/connexion-animale.com\/?page_id=512","title":{"rendered":"A propos"},"content":{"rendered":"\t\t<div data-elementor-type=\"wp-page\" data-elementor-id=\"512\" class=\"elementor elementor-512\">\n\t\t\t\t\t\t<section class=\"elementor-section elementor-top-section elementor-element elementor-element-14d2156f elementor-section-boxed elementor-section-height-default elementor-section-height-default\" data-id=\"14d2156f\" data-element_type=\"section\" data-e-type=\"section\">\n\t\t\t\t\t\t<div class=\"elementor-container elementor-column-gap-default\">\n\t\t\t\t\t<div class=\"elementor-column elementor-col-100 elementor-top-column elementor-element elementor-element-49bda8e3\" data-id=\"49bda8e3\" data-element_type=\"column\" data-e-type=\"column\">\n\t\t\t<div class=\"elementor-widget-wrap elementor-element-populated\">\n\t\t\t\t\t\t<div class=\"elementor-element elementor-element-836964 elementor-widget elementor-widget-text-editor\" data-id=\"836964\" data-element_type=\"widget\" data-e-type=\"widget\" data-widget_type=\"text-editor.default\">\n\t\t\t\t\t\t\t\t\t<p style=\"text-align: center;\" align=\"center\"><strong><span style=\"color: #008080;\"><em>\u00ab\u00a0Depuis toujours, l&rsquo;homme a r\u00eav\u00e9 de communiquer avec les animaux. Il s&rsquo;est servi de leurs dons pour l&rsquo;aider dans son activit\u00e9 de chasseur et de cueilleur. Fascin\u00e9 par leur rapidit\u00e9, leur vue, leur agilit\u00e9, il s&rsquo;est appropri\u00e9 leurs divers talents en les apprivoisant. Une surprenante alliance est n\u00e9e. Elle s&rsquo;est r\u00e9p\u00e9t\u00e9e partout dans le monde, \u00e0 toutes \u00e9poques et avec diff\u00e9rents animaux.<\/em><\/span><\/strong><br \/><strong><span style=\"color: #008080;\"><em>Mais quelle est la cl\u00e9 de cette connivence? Par quels moyens l&rsquo;homme et l&rsquo;animal parviennent-ils \u00e0 se comprendre? \u00ab\u00a0<\/em><\/span><\/strong><br \/><br \/><strong><span style=\"color: #008080;\"><em>Boris Cyrulnik<\/em><\/span><\/strong><\/p><p align=\"center\">\u00a0<\/p><p style=\"text-align: center;\" align=\"center\"><span style=\"color: #993366;\"><strong>Communiquer avec un animal ne n\u00e9cessite pas\u00a0 forc\u00e9ment l&rsquo;usage de la parole.<\/strong><\/span><\/p><p style=\"text-align: center;\" align=\"center\"><span style=\"color: #993366;\"><strong>Il existe de nombreuses voies sensorielles qui permettent une connexion l&rsquo;un avec l&rsquo;autre afin d&rsquo;apprendre \u00e0 se conna\u00eetre, \u00e0 se c\u00f4toyer et \u00e0 se parler.<\/strong><\/span><\/p><p style=\"text-align: center;\">\u00a0<\/p>\t\t\t\t\t\t\t\t<\/div>\n\t\t\t\t\t<\/div>\n\t\t<\/div>\n\t\t\t\t\t<\/div>\n\t\t<\/section>\n\t\t<div class=\"elementor-element elementor-element-27fab4a e-flex e-con-boxed e-con e-parent\" data-id=\"27fab4a\" data-element_type=\"container\" data-e-type=\"container\">\n\t\t\t\t\t<div class=\"e-con-inner\">\n\t\t\t\t<div class=\"elementor-element elementor-element-2207d25 elementor-widget elementor-widget-image\" data-id=\"2207d25\" data-element_type=\"widget\" data-e-type=\"widget\" data-widget_type=\"image.default\">\n\t\t\t\t\t\t\t\t\t\t\t\t\t\t\t<img fetchpriority=\"high\" decoding=\"async\" width=\"3968\" height=\"2983\" src=\"https:\/\/connexion-animale.com\/wp-content\/uploads\/2025\/10\/PXL_20250609_144030793.RAW-02.ORIGINAL_Leia-sharpen.jpg\" class=\"attachment-large size-large wp-image-2157\" alt=\"\" srcset=\"https:\/\/connexion-animale.com\/wp-content\/uploads\/2025\/10\/PXL_20250609_144030793.RAW-02.ORIGINAL_Leia-sharpen.jpg 3968w, https:\/\/connexion-animale.com\/wp-content\/uploads\/2025\/10\/PXL_20250609_144030793.RAW-02.ORIGINAL_Leia-sharpen-1140x857.jpg 1140w\" sizes=\"(max-width: 3968px) 100vw, 3968px\" \/>\t\t\t\t\t\t\t\t\t\t\t\t\t\t\t<\/div>\n\t\t\t\t<div class=\"elementor-element elementor-element-f826d8b elementor-widget elementor-widget-text-editor\" data-id=\"f826d8b\" data-element_type=\"widget\" data-e-type=\"widget\" data-widget_type=\"text-editor.default\">\n\t\t\t\t\t\t\t\t\t<div class=\"html-div xdj266r x14z9mp xat24cr x1lziwak xexx8yu xyri2b x18d9i69 x1c1uobl\" dir=\"auto\"><div class=\"html-div xdj266r x14z9mp xat24cr x1lziwak xexx8yu xyri2b x18d9i69 x1c1uobl\" data-ad-rendering-role=\"story_message\"><div id=\"_r_if_\" class=\"x1l90r2v x1iorvi4 x1g0dm76 xpdmqnj\" data-ad-comet-preview=\"message\" data-ad-preview=\"message\"><div class=\"x78zum5 xdt5ytf xz62fqu x16ldp7u\"><div class=\"xu06os2 x1ok221b\"><div class=\"html-div xdj266r x14z9mp xat24cr x1lziwak xexx8yu xyri2b x18d9i69 x1c1uobl\"><div class=\"xdj266r x14z9mp xat24cr x1lziwak x1vvkbs x126k92a\"><h6 dir=\"auto\" style=\"text-align: center;\">Nous percevons souvent la communication intuitive comme un dialogue o\u00f9 nous posons des questions \u00e0 l&rsquo;animal.<\/h6><\/div><div dir=\"auto\"><h6 style=\"text-align: center;\">S&rsquo;il est vrai qu&rsquo;il existe un \u00e9change avec l&rsquo;animal, L&rsquo;essence m\u00eame de la communication intuitive n&rsquo;est pas de parler, elle est d&rsquo;\u00e9couter.<\/h6><\/div><div dir=\"auto\"><h6 style=\"text-align: center;\">Et peu de personnes savent r\u00e9ellement \u00e9couter.<\/h6><\/div><h6 style=\"text-align: center;\">\u00c9couter c&rsquo;est faire de la place en son c\u0153ur pour un autre monde que le sien.<\/h6><div dir=\"auto\"><h6 style=\"text-align: center;\">\u00c9couter, c&rsquo;est savoir se mettre en arri\u00e8re plan en mettant de c\u00f4t\u00e9 ses projections et ses attentes.<\/h6><\/div><div dir=\"auto\"><h6 style=\"text-align: center;\">C&rsquo;est \u00eatre pleinement disponible \u00e0 l&rsquo;autre et savoir l&rsquo;accueillir exactement comme il est.<\/h6><\/div><div dir=\"auto\"><h6 style=\"text-align: center;\">\u00c9couter, c&rsquo;est \u00eatre connect\u00e9 \u00e0 tous ses sens et \u00eatre conscient de ce qui se joue dans le moment pr\u00e9sent.<\/h6><\/div><div dir=\"auto\"><h6 style=\"text-align: center;\">Lorsque nous \u00e9coutons, nous cr\u00e9ons un espace bienveillant o\u00f9 l&rsquo;autre est en s\u00e9curit\u00e9 pour s&rsquo;exprimer librement.<\/h6><\/div><h6 dir=\"auto\" style=\"text-align: center;\">Nous ne sommes plus des acteurs, nous devenons des miroirs.<\/h6><div class=\"x14z9mp xat24cr x1lziwak x1vvkbs xtlvy1s x126k92a\"><h6 dir=\"auto\" style=\"text-align: center;\">Et c&rsquo;est alors que la magie s&rsquo;op\u00e8re,<\/h6><h6 dir=\"auto\" style=\"text-align: center;\">Car la vraie \u00e9coute permet \u00e0 l&rsquo;autre de se r\u00e9v\u00e9ler <span class=\"html-span xexx8yu xyri2b x18d9i69 x1c1uobl x1hl2dhg x16tdsg8 x1vvkbs x3nfvp2 x1j61x8r x1fcty0u xdj266r xat24cr xm2jcoa x1mpyi22 xxymvpz xlup9mm x1kky2od\"><img decoding=\"async\" class=\"xz74otr x15mokao x1ga7v0g x16uus16 xbiv7yw aligncenter\" src=\"https:\/\/static.xx.fbcdn.net\/images\/emoji.php\/v9\/tf4\/1\/16\/2728.png\" alt=\"\u2728\" width=\"16\" height=\"16\" \/><\/span><\/h6><\/div><\/div><\/div><\/div><\/div><\/div><\/div>\t\t\t\t\t\t\t\t<\/div>\n\t\t\t\t\t<\/div>\n\t\t\t\t<\/div>\n\t\t<div class=\"elementor-element elementor-element-32e5d1e e-flex e-con-boxed e-con e-parent\" data-id=\"32e5d1e\" data-element_type=\"container\" data-e-type=\"container\">\n\t\t\t\t\t<div class=\"e-con-inner\">\n\t\t\t\t<div class=\"elementor-element elementor-element-ff63692 elementor-widget elementor-widget-text-editor\" data-id=\"ff63692\" data-element_type=\"widget\" data-e-type=\"widget\" data-widget_type=\"text-editor.default\">\n\t\t\t\t\t\t\t\t\t<p align=\"center\"><b><i>\u00a0<\/i><\/b><\/p><p style=\"text-align: left;\" align=\"center\"><span style=\"color: #993366;\"><b><i>V<\/i><\/b><b><i>ous aimeriez savoir ce que ressent votre animal, ce dont il a besoin ou encore quel r\u00f4le il joue dans votre vie\u00a0?<\/i><\/b><\/span><\/p><p style=\"text-align: left;\" align=\"center\">N&rsquo;h\u00e9sitez pas \u00e0 me contacter pour que j&rsquo;\u00e9tablisse une communication avec lui.<\/p><p><span style=\"color: #993366;\"><em><b>En quoi cela consiste\u00a0?<\/b> <\/em><\/span><b><\/b><\/p><p>La Communication animali\u00e8re\u00a0est une communication t\u00e9l\u00e9pathique avec les animaux, il s\u2019agit d\u2019\u00e9changer des messages, des questions\/r\u00e9ponses avec l\u2019animal \u2026 Les informations re\u00e7ues sous forme de pens\u00e9es, sensations, \u00e9motions, images\u00a0sont alors traduites en mots.<\/p><p><span style=\"color: #993366;\"><em><b>Qu\u2019est-ce que cela peut vous apporter\u00a0?<\/b><\/em><\/span><\/p><p>La communication animali\u00e8re vous permet de savoir ce que votre animal pense et ressent au plus profond de lui-m\u00eame, de comprendre ses souffrances, attentes et besoins. Les animaux\u00a0 agissent comme des miroirs aupr\u00e8s des humains, ce sont les miroirs de notre propre souffrance, nos propres \u00e9motions\u00a0\u2026\u00e9tablir une communication avec votre compagnon peut \u00e9galement vous apporter une clef pour travailler sur vous-m\u00eame. En me connectant \u00e0 votre animal, je peux donc avoir acc\u00e8s \u00e0 vos propres peurs, vos fausses croyances&#8230;<\/p><p>En prenant conscience de ce qui nous bloque et en travaillant dessus, nous nous sentons plus libre et plus l\u00e9ger. Nous \u00e9tablissons alors une relation plus juste et plus \u00e9quilibr\u00e9e avec notre animal.<\/p><p><span style=\"color: #993366;\"><em><b>Quelles informations pouvez-vous obtenir\u00a0?<\/b><\/em><\/span><\/p><ul><li>Ce qu\u2019il ressent\u00a0: est-ce qu\u2019il souffre, est-ce qu\u2019il est heureux.<\/li><li>\u00a0 Ce qu\u2019il veut o\u00f9 ce dont il a besoin\u00a0: le pr\u00e9parer \u00e0 un changement (d\u00e9m\u00e9nagement, s\u00e9paration, fin de vie&#8230;)<\/li><li>Pourquoi il manifeste tel ou tel comportement, quel message veut-il vous faire passer.<\/li><li>Quels sont ses jeux, ses accessoires pr\u00e9f\u00e9r\u00e9s, quelle est sa nourriture pr\u00e9f\u00e9r\u00e9e.<\/li><li>Quel r\u00f4le il joue dans votre vie, quel enseignement vous-transmet-il.<\/li><\/ul><p><span style=\"color: #993366;\"><em><strong>Peut-on localiser un animal perdu?<\/strong><\/em><\/span><\/p><p>Je peux en effet localiser un animal perdu. Ayant acc\u00e8s \u00e0 ce que l&rsquo;animal ressent et per\u00e7oit de son environnement, je ne pourrais pas vous donner une localisation pr\u00e9cise (ex: nom de rue, nom d&rsquo;une ville\/village&#8230;). Je peux savoir s&rsquo;il se trouve toujours pr\u00e8s de chez vous, s&rsquo;il est entour\u00e9 de b\u00e2timents (forme, couleur), s&rsquo;il se trouve pr\u00e8s d&rsquo;un cours d&rsquo;eau, d&rsquo;un chemin,d&rsquo;une for\u00eat, etc. Je peux \u00e9galement savoir s&rsquo;il a \u00e9t\u00e9 enlev\u00e9, s&rsquo;il est toujours en vie ou pas&#8230;<\/p><p>Depuis 2018, je n&rsquo;effectue plus de communications avec les animaux perdus sauf pour les personnes ayant fait appel \u00e0 moi par le pass\u00e9.<\/p><p><span style=\"color: #993366;\"><em><strong>Est-il possible de communiquer avec un animal d\u00e9c\u00e9d\u00e9?<\/strong><\/em><\/span><\/p><p>Une communication \u00e9tant un dialogue d&rsquo;\u00e2me \u00e0 \u00e2me, il est en effet possible de rentrer en contact avec un animal d\u00e9c\u00e9d\u00e9. Lorsque le corps physique meurt, l&rsquo;\u00e2me passe dans une autre dimension \u00e0 laquelle nous pouvons avoir acc\u00e8s. \u00c9tablir une communication avec votre animal d\u00e9c\u00e9d\u00e9 peut vous aider \u00e0 faire votre deuil, \u00e0 comprendre pourquoi votre animal est parti \u00e0 ce moment de votre vie et vous permettra de savoir quels sont ses messages pour vous.<\/p>\t\t\t\t\t\t\t\t<\/div>\n\t\t\t\t\t<\/div>\n\t\t\t\t<\/div>\n\t\t\t\t<\/div>\n\t\t","protected":false},"excerpt":{"rendered":"<p>\u00ab\u00a0Depuis toujours, l&rsquo;homme a r\u00eav\u00e9 de communiquer avec les animaux. Il s&rsquo;est servi de leurs dons pour l&rsquo;aider dans son activit\u00e9 de chasseur et de cueilleur. Fascin\u00e9 par leur rapidit\u00e9, leur vue, leur agilit\u00e9, il s&rsquo;est appropri\u00e9 leurs divers talents en les apprivoisant. Une surprenante alliance est n\u00e9e. Elle s&rsquo;est r\u00e9p\u00e9t\u00e9e partout dans le monde, \u00e0 toutes \u00e9poques et avec diff\u00e9rents animaux.Mais quelle est la cl\u00e9 de cette connivence? Par quels moyens l&rsquo;homme et l&rsquo;animal parviennent-ils \u00e0 se comprendre? \u00ab\u00a0 Boris Cyrulnik \u00a0 Communiquer avec un animal ne n\u00e9cessite pas\u00a0 forc\u00e9ment l&rsquo;usage de la parole. Il existe de nombreuses voies sensorielles qui permettent une connexion l&rsquo;un avec l&rsquo;autre afin d&rsquo;apprendre \u00e0 se conna\u00eetre, \u00e0 se c\u00f4toyer et \u00e0 se parler. \u00a0 Nous percevons souvent la communication intuitive comme un dialogue o\u00f9 nous posons des questions \u00e0 l&rsquo;animal. S&rsquo;il est vrai qu&rsquo;il existe un \u00e9change avec l&rsquo;animal, L&rsquo;essence m\u00eame de la communication intuitive n&rsquo;est pas de parler, elle est d&rsquo;\u00e9couter. Et peu de personnes savent r\u00e9ellement \u00e9couter. \u00c9couter c&rsquo;est faire de la place en son c\u0153ur pour un autre monde que le sien. \u00c9couter, c&rsquo;est savoir se mettre en arri\u00e8re plan en mettant de c\u00f4t\u00e9 ses projections et ses attentes. C&rsquo;est \u00eatre pleinement disponible \u00e0 l&rsquo;autre et savoir l&rsquo;accueillir exactement comme il est. \u00c9couter, c&rsquo;est \u00eatre connect\u00e9 \u00e0 tous ses sens et \u00eatre conscient de ce qui se joue dans le moment pr\u00e9sent. Lorsque nous \u00e9coutons, nous cr\u00e9ons un espace bienveillant o\u00f9 l&rsquo;autre est en s\u00e9curit\u00e9 pour s&rsquo;exprimer librement. Nous ne sommes plus des acteurs, nous devenons des miroirs. Et c&rsquo;est alors que la magie s&rsquo;op\u00e8re, Car la vraie \u00e9coute permet \u00e0 l&rsquo;autre de se r\u00e9v\u00e9ler \u00a0 Vous aimeriez savoir ce que ressent votre animal, ce dont il a besoin ou encore quel r\u00f4le il joue dans votre vie\u00a0? N&rsquo;h\u00e9sitez pas \u00e0 me contacter pour que j&rsquo;\u00e9tablisse une communication avec lui. En quoi cela consiste\u00a0? La Communication animali\u00e8re\u00a0est une communication t\u00e9l\u00e9pathique avec les animaux, il s\u2019agit d\u2019\u00e9changer des messages, des questions\/r\u00e9ponses avec l\u2019animal \u2026 Les informations re\u00e7ues sous forme de pens\u00e9es, sensations, \u00e9motions, images\u00a0sont alors traduites en mots. Qu\u2019est-ce que cela peut vous apporter\u00a0? La communication animali\u00e8re vous permet de savoir ce que votre animal pense et ressent au plus profond de lui-m\u00eame, de comprendre ses souffrances, attentes et besoins. Les animaux\u00a0 agissent comme des miroirs aupr\u00e8s des humains, ce sont les miroirs de notre propre souffrance, nos propres \u00e9motions\u00a0\u2026\u00e9tablir une communication avec votre compagnon peut \u00e9galement vous apporter une clef pour travailler sur vous-m\u00eame. En me connectant \u00e0 votre animal, je peux donc avoir acc\u00e8s \u00e0 vos propres peurs, vos fausses croyances&#8230; En prenant conscience de ce qui nous bloque et en travaillant dessus, nous nous sentons plus libre et plus l\u00e9ger. Nous \u00e9tablissons alors une relation plus juste et plus \u00e9quilibr\u00e9e avec notre animal. Quelles informations pouvez-vous obtenir\u00a0? Ce qu\u2019il ressent\u00a0: est-ce qu\u2019il souffre, est-ce qu\u2019il est heureux. \u00a0 Ce qu\u2019il veut o\u00f9 ce dont il a besoin\u00a0: le pr\u00e9parer \u00e0 un changement (d\u00e9m\u00e9nagement, s\u00e9paration, fin de vie&#8230;) Pourquoi il manifeste tel ou tel comportement, quel message veut-il vous faire passer. Quels sont ses jeux, ses accessoires pr\u00e9f\u00e9r\u00e9s, quelle est sa nourriture pr\u00e9f\u00e9r\u00e9e. Quel r\u00f4le il joue dans votre vie, quel enseignement vous-transmet-il. Peut-on localiser un animal perdu? Je peux en effet localiser un animal perdu. Ayant acc\u00e8s \u00e0 ce que l&rsquo;animal ressent et per\u00e7oit de son environnement, je ne pourrais pas vous donner une localisation pr\u00e9cise (ex: nom de rue, nom d&rsquo;une ville\/village&#8230;). Je peux savoir s&rsquo;il se trouve toujours pr\u00e8s de chez vous, s&rsquo;il est entour\u00e9 de b\u00e2timents (forme, couleur), s&rsquo;il se trouve pr\u00e8s d&rsquo;un cours d&rsquo;eau, d&rsquo;un chemin,d&rsquo;une for\u00eat, etc. Je peux \u00e9galement savoir s&rsquo;il a \u00e9t\u00e9 enlev\u00e9, s&rsquo;il est toujours en vie ou pas&#8230; Depuis 2018, je n&rsquo;effectue plus de communications avec les animaux perdus sauf pour les personnes ayant fait appel \u00e0 moi par le pass\u00e9. Est-il possible de communiquer avec un animal d\u00e9c\u00e9d\u00e9? Une communication \u00e9tant un dialogue d&rsquo;\u00e2me \u00e0 \u00e2me, il est en effet possible de rentrer en contact avec un animal d\u00e9c\u00e9d\u00e9. Lorsque le corps physique meurt, l&rsquo;\u00e2me passe dans une autre dimension \u00e0 laquelle nous pouvons avoir acc\u00e8s. \u00c9tablir une communication avec votre animal d\u00e9c\u00e9d\u00e9 peut vous aider \u00e0 faire votre deuil, \u00e0 comprendre pourquoi votre animal est parti \u00e0 ce moment de votre vie et vous permettra de savoir quels sont ses messages pour vous.<\/p>\n","protected":false},"author":1,"featured_media":640,"parent":0,"menu_order":3,"comment_status":"closed","ping_status":"closed","template":"","meta":{"footnotes":""},"class_list":["post-512","page","type-page","status-publish","has-post-thumbnail","hentry"],"_links":{"self":[{"href":"https:\/\/connexion-animale.com\/index.php?rest_route=\/wp\/v2\/pages\/512","targetHints":{"allow":["GET"]}}],"collection":[{"href":"https:\/\/connexion-animale.com\/index.php?rest_route=\/wp\/v2\/pages"}],"about":[{"href":"https:\/\/connexion-animale.com\/index.php?rest_route=\/wp\/v2\/types\/page"}],"author":[{"embeddable":true,"href":"https:\/\/connexion-animale.com\/index.php?rest_route=\/wp\/v2\/users\/1"}],"replies":[{"embeddable":true,"href":"https:\/\/connexion-animale.com\/index.php?rest_route=%2Fwp%2Fv2%2Fcomments&post=512"}],"version-history":[{"count":4,"href":"https:\/\/connexion-animale.com\/index.php?rest_route=\/wp\/v2\/pages\/512\/revisions"}],"predecessor-version":[{"id":2160,"href":"https:\/\/connexion-animale.com\/index.php?rest_route=\/wp\/v2\/pages\/512\/revisions\/2160"}],"wp:featuredmedia":[{"embeddable":true,"href":"https:\/\/connexion-animale.com\/index.php?rest_route=\/"}],"wp:attachment":[{"href":"https:\/\/connexion-animale.com\/index.php?rest_route=%2Fwp%2Fv2%2Fmedia&parent=512"}],"curies":[{"name":"wp","href":"https:\/\/api.w.org\/{rel}","templated":true}]}}