{"id":532,"date":"2013-06-14T15:51:19","date_gmt":"2013-06-14T13:51:19","guid":{"rendered":"http:\/\/controle2gestion.com\/weanimal\/?page_id=532"},"modified":"2025-10-21T17:39:41","modified_gmt":"2025-10-21T15:39:41","slug":"consultation","status":"publish","type":"page","link":"https:\/\/connexion-animale.com\/?page_id=532","title":{"rendered":"Communication Animale"},"content":{"rendered":"\t\t<div data-elementor-type=\"wp-page\" data-elementor-id=\"532\" class=\"elementor elementor-532\">\n\t\t\t\t\t\t<section class=\"elementor-section elementor-top-section elementor-element elementor-element-228bcb03 elementor-section-boxed elementor-section-height-default elementor-section-height-default\" data-id=\"228bcb03\" data-element_type=\"section\" data-e-type=\"section\">\n\t\t\t\t\t\t<div class=\"elementor-container elementor-column-gap-default\">\n\t\t\t\t\t<div class=\"elementor-column elementor-col-100 elementor-top-column elementor-element elementor-element-1d96fd56\" data-id=\"1d96fd56\" data-element_type=\"column\" data-e-type=\"column\">\n\t\t\t<div class=\"elementor-widget-wrap elementor-element-populated\">\n\t\t\t\t\t\t<div class=\"elementor-element elementor-element-6acca18c elementor-widget elementor-widget-text-editor\" data-id=\"6acca18c\" data-element_type=\"widget\" data-e-type=\"widget\" data-widget_type=\"text-editor.default\">\n\t\t\t\t\t\t\t\t\t<p style=\"text-align: justify;\">Pour que j&rsquo;\u00e9tablisse une communication avec votre animal vivant ou d\u00e9c\u00e9d\u00e9, vous devez m&rsquo;envoyer par formulaire (champ \u00e0 compl\u00e9ter plus bas) ou par mail: <span style=\"color: #800080;\"><strong>eva.lartigau@gmail.com<\/strong><\/span><\/p><ul style=\"text-align: justify;\"><li>Une photo o\u00f9 il est seul, de pr\u00e9f\u00e9rence r\u00e9cente.<\/li><li>Son pr\u00e9nom et sa date de naissance (au moins l\u2019ann\u00e9e si vous en avez connaissance)<\/li><li>Les questions que vous souhaiteriez lui poser (environ 4\/5). Sachant que je ne m&rsquo;arr\u00eate pas aux questions et laisse l&rsquo;animal libre de s&rsquo;exprimer. Il est important que l&rsquo;animal ait son espace d&rsquo;expression afin que ce qui lui semble essentiel soit transmis. Une chose peut vous para\u00eetre importante est que cela ne soit pas le cas pour votre animal.<\/li><li>un message que vous souhaitez lui transmettre<\/li><\/ul><p>Si vous me contactez dans le cadre d&rsquo;un trouble du comportement (marquage urinaire, TOC, etc), merci de m&rsquo;en pr\u00e9ciser la nature. Une communication animale n&rsquo;est pas de la voyance. Ce trouble du comportement peut \u00eatre \u00ab\u00a0probl\u00e9matique\u00a0\u00bb pour vous mais pas pour votre animal. Si vous ne posez pas de question \u00e0 ce sujet, il est donc possible qu&rsquo;il ne m&rsquo;en fasse pas part.<\/p><p>L&rsquo;animal \u00e9tant le miroir de son gardien, en me connectant \u00e0 votre animal, j&rsquo;aurai acc\u00e8s \u00e0 des informations vous concernant (croyances limitantes, peurs, programme de vie, etc).<\/p><p>Je pr\u00e9f\u00e8re pr\u00e9venir une communication animale engendre souvent un travail sur soi.<\/p><p>La communication intuitive parle toujours du point de vue de votre animal. Il est important de prendre conscience que sa perception \u00e0 lui d&rsquo;une situation peut ne pas \u00eatre partag\u00e9e par vous. La communication a pour but de vous ouvrir au monde votre animal, quel est son prisme \u00e0 lui.<\/p><p style=\"text-align: justify;\">Une fois les informations re\u00e7ues et la communication r\u00e9alis\u00e9e, je vous contacte afin que nous convenions d\u2019un rdv t\u00e9l\u00e9phonique pour la restitution. Je ne fais pas de compte rendu \u00e9crit mais je transmets mes notes manuscrites en photo.<\/p><p style=\"text-align: justify;\">Je r\u00e9alise les communications sous trois semaines sauf urgence.<\/p><p style=\"text-align: justify;\">N&rsquo;h\u00e9sitez pas \u00e0 me contacter par t\u00e9l\u00e9phone pour toutes communications urgentes (animaux accident\u00e9s, fin de vie&#8230;): <span style=\"color: #333399;\"><strong>06 87 18 33 17.<\/strong> <\/span><\/p><p style=\"text-align: justify;\">Je n&rsquo;effectue plus de communication avec les animaux perdus sauf pour les personnes ayant d\u00e9j\u00e0 fait appel \u00e0 moi dans le pass\u00e9.<span style=\"color: #333399;\"><strong><br \/><\/strong><\/span><\/p><p style=\"text-align: justify;\">Le prix d\u2019une communication est de <span style=\"color: #008080;\"><strong>8<\/strong><strong>0<\/strong><b> euros<\/b><\/span> \u00e0 r\u00e9gler soit par l&rsquo;interm\u00e9diaire de paypal, soit par virement (me demander mon RIB), soit par ch\u00e8que \u00e0 envoyer \u00e0 mon adresse (1 rue du Four 26150 Die)<\/p><p>Si vous souhaitez un soin \u00e9nerg\u00e9tique en plus de la communication afin de lib\u00e9rer votre animal des m\u00e9moires cristallis\u00e9es dans son corps (traumatismes, peurs, \u00e9motions bloqu\u00e9es, etc), le tarif est de <span style=\"color: #008080;\"><strong>120 euros.<\/strong><\/span><\/p><p style=\"text-align: justify;\">Suite \u00e0 des impay\u00e9s, le r\u00e8glement des communications se fait avant l&rsquo;entretien t\u00e9l\u00e9phonique.<\/p><p>Pour r\u00e9gler avec paypal, merci d&rsquo;utiliser l&rsquo;option \u00ab\u00a0paiement \u00e0 un proche\u00a0\u00bb en indiquant mon adresse mail: eva.lartigau@gmail.com<\/p><p>Pour toutes questions, n&rsquo;h\u00e9sitez pas \u00e0 me contacter, je me ferai une joie de vous r\u00e9pondre \ud83d\ude42<\/p><form action=\"https:\/\/www.paypal.com\/cgi-bin\/webscr\" method=\"post\" target=\"_top\"><input name=\"hosted_button_id\" type=\"hidden\" value=\"DZ2XYA55M9MRW\" \/><\/form>\t\t\t\t\t\t\t\t<\/div>\n\t\t\t\t<div class=\"elementor-element elementor-element-a2b548b elementor-widget elementor-widget-heading\" data-id=\"a2b548b\" data-element_type=\"widget\" data-e-type=\"widget\" data-widget_type=\"heading.default\">\n\t\t\t\t\t<h2 class=\"elementor-heading-title elementor-size-default\">Mes prestations actuelles<\/h2>\t\t\t\t<\/div>\n\t\t\t\t<div class=\"elementor-element elementor-element-c359da5 elementor-arrows-position-inside elementor-pagination-position-outside elementor-widget elementor-widget-image-carousel\" data-id=\"c359da5\" data-element_type=\"widget\" data-e-type=\"widget\" data-settings=\"{&quot;slides_to_show&quot;:&quot;1&quot;,&quot;navigation&quot;:&quot;both&quot;,&quot;autoplay&quot;:&quot;yes&quot;,&quot;pause_on_hover&quot;:&quot;yes&quot;,&quot;pause_on_interaction&quot;:&quot;yes&quot;,&quot;autoplay_speed&quot;:5000,&quot;infinite&quot;:&quot;yes&quot;,&quot;effect&quot;:&quot;slide&quot;,&quot;speed&quot;:500}\" data-widget_type=\"image-carousel.default\">\n\t\t\t\t\t\t\t<div class=\"elementor-image-carousel-wrapper swiper\" role=\"region\" aria-roledescription=\"carousel\" aria-label=\"Carrousel d\u2019images\" dir=\"ltr\">\n\t\t\t<div class=\"elementor-image-carousel swiper-wrapper\" aria-live=\"off\">\n\t\t\t\t\t\t\t\t<div class=\"swiper-slide\" role=\"group\" aria-roledescription=\"slide\" aria-label=\"1 sur 5\"><figure class=\"swiper-slide-inner\"><img decoding=\"async\" class=\"swiper-slide-image\" src=\"https:\/\/connexion-animale.com\/wp-content\/uploads\/2025\/10\/2.png\" alt=\"2\" \/><\/figure><\/div><div class=\"swiper-slide\" role=\"group\" aria-roledescription=\"slide\" aria-label=\"2 sur 5\"><figure class=\"swiper-slide-inner\"><img decoding=\"async\" class=\"swiper-slide-image\" src=\"https:\/\/connexion-animale.com\/wp-content\/uploads\/2025\/10\/4-1.png\" alt=\"4\" \/><\/figure><\/div><div class=\"swiper-slide\" role=\"group\" aria-roledescription=\"slide\" aria-label=\"3 sur 5\"><figure class=\"swiper-slide-inner\"><img decoding=\"async\" class=\"swiper-slide-image\" src=\"https:\/\/connexion-animale.com\/wp-content\/uploads\/2025\/10\/6.png\" alt=\"6\" \/><\/figure><\/div><div class=\"swiper-slide\" role=\"group\" aria-roledescription=\"slide\" aria-label=\"4 sur 5\"><figure class=\"swiper-slide-inner\"><img decoding=\"async\" class=\"swiper-slide-image\" src=\"https:\/\/connexion-animale.com\/wp-content\/uploads\/2025\/10\/8.png\" alt=\"8\" \/><\/figure><\/div><div class=\"swiper-slide\" role=\"group\" aria-roledescription=\"slide\" aria-label=\"5 sur 5\"><figure class=\"swiper-slide-inner\"><img decoding=\"async\" class=\"swiper-slide-image\" src=\"https:\/\/connexion-animale.com\/wp-content\/uploads\/2025\/10\/10.png\" alt=\"10\" \/><\/figure><\/div>\t\t\t<\/div>\n\t\t\t\t\t\t\t\t\t\t\t\t<div class=\"elementor-swiper-button elementor-swiper-button-prev\" role=\"button\" tabindex=\"0\">\n\t\t\t\t\t\t<svg aria-hidden=\"true\" class=\"e-font-icon-svg e-eicon-chevron-left\" viewBox=\"0 0 1000 1000\" xmlns=\"http:\/\/www.w3.org\/2000\/svg\"><path d=\"M646 125C629 125 613 133 604 142L308 442C296 454 292 471 292 487 292 504 296 521 308 533L604 854C617 867 629 875 646 875 663 875 679 871 692 858 704 846 713 829 713 812 713 796 708 779 692 767L438 487 692 225C700 217 708 204 708 187 708 171 704 154 692 142 675 129 663 125 646 125Z\"><\/path><\/svg>\t\t\t\t\t<\/div>\n\t\t\t\t\t<div class=\"elementor-swiper-button elementor-swiper-button-next\" role=\"button\" tabindex=\"0\">\n\t\t\t\t\t\t<svg aria-hidden=\"true\" class=\"e-font-icon-svg e-eicon-chevron-right\" viewBox=\"0 0 1000 1000\" xmlns=\"http:\/\/www.w3.org\/2000\/svg\"><path d=\"M696 533C708 521 713 504 713 487 713 471 708 454 696 446L400 146C388 133 375 125 354 125 338 125 325 129 313 142 300 154 292 171 292 187 292 204 296 221 308 233L563 492 304 771C292 783 288 800 288 817 288 833 296 850 308 863 321 871 338 875 354 875 371 875 388 867 400 854L696 533Z\"><\/path><\/svg>\t\t\t\t\t<\/div>\n\t\t\t\t\n\t\t\t\t\t\t\t\t\t<div class=\"swiper-pagination\"><\/div>\n\t\t\t\t\t\t\t\t\t<\/div>\n\t\t\t\t\t\t<\/div>\n\t\t\t\t\t<\/div>\n\t\t<\/div>\n\t\t\t\t\t<\/div>\n\t\t<\/section>\n\t\t\t\t<\/div>\n\t\t","protected":false},"excerpt":{"rendered":"<p>Pour que j&rsquo;\u00e9tablisse une communication avec votre animal vivant ou d\u00e9c\u00e9d\u00e9, vous devez m&rsquo;envoyer par formulaire (champ \u00e0 compl\u00e9ter plus bas) ou par mail: eva.lartigau@gmail.com Une photo o\u00f9 il est seul, de pr\u00e9f\u00e9rence r\u00e9cente. Son pr\u00e9nom et sa date de naissance (au moins l\u2019ann\u00e9e si vous en avez connaissance) Les questions que vous souhaiteriez lui poser (environ 4\/5). Sachant que je ne m&rsquo;arr\u00eate pas aux questions et laisse l&rsquo;animal libre de s&rsquo;exprimer. Il est important que l&rsquo;animal ait son espace d&rsquo;expression afin que ce qui lui semble essentiel soit transmis. Une chose peut vous para\u00eetre importante est que cela ne soit pas le cas pour votre animal. un message que vous souhaitez lui transmettre Si vous me contactez dans le cadre d&rsquo;un trouble du comportement (marquage urinaire, TOC, etc), merci de m&rsquo;en pr\u00e9ciser la nature. Une communication animale n&rsquo;est pas de la voyance. Ce trouble du comportement peut \u00eatre \u00ab\u00a0probl\u00e9matique\u00a0\u00bb pour vous mais pas pour votre animal. Si vous ne posez pas de question \u00e0 ce sujet, il est donc possible qu&rsquo;il ne m&rsquo;en fasse pas part. L&rsquo;animal \u00e9tant le miroir de son gardien, en me connectant \u00e0 votre animal, j&rsquo;aurai acc\u00e8s \u00e0 des informations vous concernant (croyances limitantes, peurs, programme de vie, etc). Je pr\u00e9f\u00e8re pr\u00e9venir une communication animale engendre souvent un travail sur soi. La communication intuitive parle toujours du point de vue de votre animal. Il est important de prendre conscience que sa perception \u00e0 lui d&rsquo;une situation peut ne pas \u00eatre partag\u00e9e par vous. La communication a pour but de vous ouvrir au monde votre animal, quel est son prisme \u00e0 lui. Une fois les informations re\u00e7ues et la communication r\u00e9alis\u00e9e, je vous contacte afin que nous convenions d\u2019un rdv t\u00e9l\u00e9phonique pour la restitution. Je ne fais pas de compte rendu \u00e9crit mais je transmets mes notes manuscrites en photo. Je r\u00e9alise les communications sous trois semaines sauf urgence. N&rsquo;h\u00e9sitez pas \u00e0 me contacter par t\u00e9l\u00e9phone pour toutes communications urgentes (animaux accident\u00e9s, fin de vie&#8230;): 06 87 18 33 17. Je n&rsquo;effectue plus de communication avec les animaux perdus sauf pour les personnes ayant d\u00e9j\u00e0 fait appel \u00e0 moi dans le pass\u00e9. Le prix d\u2019une communication est de 80 euros \u00e0 r\u00e9gler soit par l&rsquo;interm\u00e9diaire de paypal, soit par virement (me demander mon RIB), soit par ch\u00e8que \u00e0 envoyer \u00e0 mon adresse (1 rue du Four 26150 Die) Si vous souhaitez un soin \u00e9nerg\u00e9tique en plus de la communication afin de lib\u00e9rer votre animal des m\u00e9moires cristallis\u00e9es dans son corps (traumatismes, peurs, \u00e9motions bloqu\u00e9es, etc), le tarif est de 120 euros. Suite \u00e0 des impay\u00e9s, le r\u00e8glement des communications se fait avant l&rsquo;entretien t\u00e9l\u00e9phonique. Pour r\u00e9gler avec paypal, merci d&rsquo;utiliser l&rsquo;option \u00ab\u00a0paiement \u00e0 un proche\u00a0\u00bb en indiquant mon adresse mail: eva.lartigau@gmail.com Pour toutes questions, n&rsquo;h\u00e9sitez pas \u00e0 me contacter, je me ferai une joie de vous r\u00e9pondre \ud83d\ude42 Mes prestations actuelles<\/p>\n","protected":false},"author":1,"featured_media":984,"parent":0,"menu_order":4,"comment_status":"closed","ping_status":"closed","template":"","meta":{"footnotes":""},"class_list":["post-532","page","type-page","status-publish","has-post-thumbnail","hentry"],"_links":{"self":[{"href":"https:\/\/connexion-animale.com\/index.php?rest_route=\/wp\/v2\/pages\/532","targetHints":{"allow":["GET"]}}],"collection":[{"href":"https:\/\/connexion-animale.com\/index.php?rest_route=\/wp\/v2\/pages"}],"about":[{"href":"https:\/\/connexion-animale.com\/index.php?rest_route=\/wp\/v2\/types\/page"}],"author":[{"embeddable":true,"href":"https:\/\/connexion-animale.com\/index.php?rest_route=\/wp\/v2\/users\/1"}],"replies":[{"embeddable":true,"href":"https:\/\/connexion-animale.com\/index.php?rest_route=%2Fwp%2Fv2%2Fcomments&post=532"}],"version-history":[{"count":4,"href":"https:\/\/connexion-animale.com\/index.php?rest_route=\/wp\/v2\/pages\/532\/revisions"}],"predecessor-version":[{"id":2185,"href":"https:\/\/connexion-animale.com\/index.php?rest_route=\/wp\/v2\/pages\/532\/revisions\/2185"}],"wp:featuredmedia":[{"embeddable":true,"href":"https:\/\/connexion-animale.com\/index.php?rest_route=\/"}],"wp:attachment":[{"href":"https:\/\/connexion-animale.com\/index.php?rest_route=%2Fwp%2Fv2%2Fmedia&parent=532"}],"curies":[{"name":"wp","href":"https:\/\/api.w.org\/{rel}","templated":true}]}}