{"id":647,"date":"2016-08-16T19:19:10","date_gmt":"2016-08-16T17:19:10","guid":{"rendered":"http:\/\/fg45phpnet.phpnet.org\/connexion-animale\/?page_id=647"},"modified":"2016-08-16T19:19:10","modified_gmt":"2016-08-16T17:19:10","slug":"formationstage","status":"publish","type":"page","link":"https:\/\/connexion-animale.com\/?page_id=647","title":{"rendered":"Stages"},"content":{"rendered":"\t\t<div data-elementor-type=\"wp-page\" data-elementor-id=\"647\" class=\"elementor elementor-647\">\n\t\t\t\t\t\t<section class=\"elementor-section elementor-top-section elementor-element elementor-element-420e4ec6 elementor-section-boxed elementor-section-height-default elementor-section-height-default\" data-id=\"420e4ec6\" data-element_type=\"section\" data-e-type=\"section\">\n\t\t\t\t\t\t<div class=\"elementor-container elementor-column-gap-default\">\n\t\t\t\t\t<div class=\"elementor-column elementor-col-100 elementor-top-column elementor-element elementor-element-68c6d04c\" data-id=\"68c6d04c\" data-element_type=\"column\" data-e-type=\"column\">\n\t\t\t<div class=\"elementor-widget-wrap elementor-element-populated\">\n\t\t\t\t\t\t<div class=\"elementor-element elementor-element-60cd44a2 elementor-widget elementor-widget-text-editor\" data-id=\"60cd44a2\" data-element_type=\"widget\" data-e-type=\"widget\" data-widget_type=\"text-editor.default\">\n\t\t\t\t\t\t\t\t\t<p>Je propose plusieurs formations tout le long de l&rsquo;ann\u00e9e. Ces formations ont lieu soit en Is\u00e8re (38) dans une yourte en pleine nature soit en Dr\u00f4me (26) soit en Ari\u00e8ge (09) ou encore dans le Lot (46).<\/p>\n<p>Il est possible d&rsquo;organiser des stages \u00e0 votre domicile \u00e0 partir du moment o\u00f9 6 personnes (min) souhaitent participer. Mes frais de d\u00e9placement sont \u00e0 partager entre les participants.<\/p>\n<p>N&rsquo;h\u00e9sitez pas \u00e0 me contacter par mail <strong>eva.lartigau@gmail.com<\/strong> ou par t\u00e9l\u00e9phone <strong>06 87 18 33 17<\/strong>.<\/p>\n<p>Le but de ces stages est de vous permettre de retrouver le langage intuitif pour communiquer avec les animaux, de reconnecter l&rsquo;\u00eatre humain avec la Nature et sa propre nature et surtout de faire prendre conscience du Vivant. Chaque \u00eatre vivant est un individu \u00e0 part enti\u00e8re avec son propre v\u00e9cu, ses propres \u00e9motions et son r\u00f4le \u00e0 jouer sur la plan\u00e8te.<\/p>\n<p style=\"text-align: center;\"><span style=\"color: #339966;\"><strong><em>\u00ab\u00a0La vie est une symphonie compos\u00e9e de l&rsquo;ensemble des tonalit\u00e9s singuli\u00e8res qu&rsquo;\u00e9met chaque \u00eatre vivant\u00a0\u00bb<\/em><\/strong><\/span><\/p>\n<p>Les formations durent une journ\u00e9e de 9h45 \u00e0 17h30\/18h.<\/p>\n<p>Le prix est de 130 euros\/personne et de 100 euros pour les moins de 18 ans.<\/p>\n<p>Les formations se font en petit groupe de 8 personnes maximum afin que chaque personne ait la place de s&rsquo;exprimer et puisse \u00eatre accompagn\u00e9e du mieux possible dans la d\u00e9couverte de la communication animale.<\/p>\n<p><strong>(SIRET : 819 625 286 00037)<\/strong><\/p>\t\t\t\t\t\t\t\t<\/div>\n\t\t\t\t\t<\/div>\n\t\t<\/div>\n\t\t\t\t\t<\/div>\n\t\t<\/section>\n\t\t\t\t<section class=\"elementor-section elementor-top-section elementor-element elementor-element-85788b7 elementor-section-boxed elementor-section-height-default elementor-section-height-default\" data-id=\"85788b7\" data-element_type=\"section\" data-e-type=\"section\">\n\t\t\t\t\t\t<div class=\"elementor-container elementor-column-gap-default\">\n\t\t\t\t\t<div class=\"elementor-column elementor-col-100 elementor-top-column elementor-element elementor-element-244df3c\" data-id=\"244df3c\" data-element_type=\"column\" data-e-type=\"column\">\n\t\t\t<div class=\"elementor-widget-wrap elementor-element-populated\">\n\t\t\t\t\t\t<div class=\"elementor-element elementor-element-38850df elementor-widget-divider--separator-type-pattern elementor-widget-divider--no-spacing elementor-widget-divider--view-line elementor-widget elementor-widget-divider\" data-id=\"38850df\" data-element_type=\"widget\" data-e-type=\"widget\" data-widget_type=\"divider.default\">\n\t\t\t\t\t\t\t<div class=\"elementor-divider\" style=\"--divider-pattern-url: url(&quot;data:image\/svg+xml,%3Csvg xmlns=&#039;http:\/\/www.w3.org\/2000\/svg&#039; preserveAspectRatio=&#039;xMidYMid meet&#039; overflow=&#039;visible&#039; height=&#039;100%&#039; viewBox=&#039;0 0 121 26&#039; fill=&#039;black&#039; stroke=&#039;none&#039;%3E%3Cpath d=&#039;M29.6,10.3l2.1,2.2l-3.6,3.3h7v2.9h-7l3.6,3.5l-2.1,1.7l-5.2-5.2h-5.8v-2.9h5.8L29.6,10.3z M70.9,9.6l2.1,1.7l-3.6,3.5h7v2.9h-7l3.6,3.3l-2.1,2.2l-5.2-5.5h-5.8v-2.9h5.8L70.9,9.6z M111.5,9.6l2.1,1.7l-3.6,3.5h7v2.9h-7l3.6,3.3l-2.1,2.2l-5.2-5.5h-5.8v-2.9h5.8L111.5,9.6z M50.2,2.7l2.1,1.7l-3.6,3.5h7v2.9h-7l3.6,3.3l-2.1,2.2L45,10.7h-5.8V7.9H45L50.2,2.7z M11,2l2.1,1.7L9.6,7.2h7V10h-7l3.6,3.3L11,15.5L5.8,10H0V7.2h5.8L11,2z M91.5,2l2.1,2.2l-3.6,3.3h7v2.9h-7l3.6,3.5l-2.1,1.7l-5.2-5.2h-5.8V7.5h5.8L91.5,2z&#039;\/%3E%3C\/svg%3E&quot;);\">\n\t\t\t<span class=\"elementor-divider-separator\">\n\t\t\t\t\t\t<\/span>\n\t\t<\/div>\n\t\t\t\t\t\t<\/div>\n\t\t\t\t\t<\/div>\n\t\t<\/div>\n\t\t\t\t\t<\/div>\n\t\t<\/section>\n\t\t\t\t<section class=\"elementor-section elementor-top-section elementor-element elementor-element-411c91e elementor-section-boxed elementor-section-height-default elementor-section-height-default\" data-id=\"411c91e\" data-element_type=\"section\" data-e-type=\"section\">\n\t\t\t\t\t\t<div class=\"elementor-container elementor-column-gap-default\">\n\t\t\t\t\t<div class=\"elementor-column elementor-col-100 elementor-top-column elementor-element elementor-element-7c26594\" data-id=\"7c26594\" data-element_type=\"column\" data-e-type=\"column\">\n\t\t\t<div class=\"elementor-widget-wrap elementor-element-populated\">\n\t\t\t\t\t\t<div class=\"elementor-element elementor-element-4be82f5 elementor-widget elementor-widget-google_maps\" data-id=\"4be82f5\" data-element_type=\"widget\" data-e-type=\"widget\" data-widget_type=\"google_maps.default\">\n\t\t\t\t\t\t\t<div class=\"elementor-custom-embed\">\n\t\t\t<iframe loading=\"lazy\"\n\t\t\t\t\tsrc=\"https:\/\/maps.google.com\/maps?q=Le%20Fruit%20Saint%20appolinard%2038160&#038;t=m&#038;z=10&#038;output=embed&#038;iwloc=near\"\n\t\t\t\t\ttitle=\"Le Fruit Saint appolinard 38160\"\n\t\t\t\t\taria-label=\"Le Fruit Saint appolinard 38160\"\n\t\t\t><\/iframe>\n\t\t<\/div>\n\t\t\t\t\t\t<\/div>\n\t\t\t\t\t<\/div>\n\t\t<\/div>\n\t\t\t\t\t<\/div>\n\t\t<\/section>\n\t\t\t\t<\/div>\n\t\t","protected":false},"excerpt":{"rendered":"<p>Je propose plusieurs formations tout le long de l&rsquo;ann\u00e9e. Ces formations ont lieu soit en Is\u00e8re (38) dans une yourte en pleine nature soit en Dr\u00f4me (26) soit en Ari\u00e8ge (09) ou encore dans le Lot (46). Il est possible d&rsquo;organiser des stages \u00e0 votre domicile \u00e0 partir du moment o\u00f9 6 personnes (min) souhaitent participer. Mes frais de d\u00e9placement sont \u00e0 partager entre les participants. N&rsquo;h\u00e9sitez pas \u00e0 me contacter par mail eva.lartigau@gmail.com ou par t\u00e9l\u00e9phone 06 87 18 33 17. Le but de ces stages est de vous permettre de retrouver le langage intuitif pour communiquer avec les animaux, de reconnecter l&rsquo;\u00eatre humain avec la Nature et sa propre nature et surtout de faire prendre conscience du Vivant. Chaque \u00eatre vivant est un individu \u00e0 part enti\u00e8re avec son propre v\u00e9cu, ses propres \u00e9motions et son r\u00f4le \u00e0 jouer sur la plan\u00e8te. \u00ab\u00a0La vie est une symphonie compos\u00e9e de l&rsquo;ensemble des tonalit\u00e9s singuli\u00e8res qu&rsquo;\u00e9met chaque \u00eatre vivant\u00a0\u00bb Les formations durent une journ\u00e9e de 9h45 \u00e0 17h30\/18h. Le prix est de 130 euros\/personne et de 100 euros pour les moins de 18 ans. Les formations se font en petit groupe de 8 personnes maximum afin que chaque personne ait la place de s&rsquo;exprimer et puisse \u00eatre accompagn\u00e9e du mieux possible dans la d\u00e9couverte de la communication animale. (SIRET : 819 625 286 00037)<\/p>\n","protected":false},"author":1,"featured_media":704,"parent":0,"menu_order":0,"comment_status":"closed","ping_status":"closed","template":"","meta":{"footnotes":""},"class_list":["post-647","page","type-page","status-publish","has-post-thumbnail","hentry"],"_links":{"self":[{"href":"https:\/\/connexion-animale.com\/index.php?rest_route=\/wp\/v2\/pages\/647","targetHints":{"allow":["GET"]}}],"collection":[{"href":"https:\/\/connexion-animale.com\/index.php?rest_route=\/wp\/v2\/pages"}],"about":[{"href":"https:\/\/connexion-animale.com\/index.php?rest_route=\/wp\/v2\/types\/page"}],"author":[{"embeddable":true,"href":"https:\/\/connexion-animale.com\/index.php?rest_route=\/wp\/v2\/users\/1"}],"replies":[{"embeddable":true,"href":"https:\/\/connexion-animale.com\/index.php?rest_route=%2Fwp%2Fv2%2Fcomments&post=647"}],"version-history":[{"count":0,"href":"https:\/\/connexion-animale.com\/index.php?rest_route=\/wp\/v2\/pages\/647\/revisions"}],"wp:featuredmedia":[{"embeddable":true,"href":"https:\/\/connexion-animale.com\/index.php?rest_route=\/"}],"wp:attachment":[{"href":"https:\/\/connexion-animale.com\/index.php?rest_route=%2Fwp%2Fv2%2Fmedia&parent=647"}],"curies":[{"name":"wp","href":"https:\/\/api.w.org\/{rel}","templated":true}]}}