{"id":686,"date":"2016-08-23T16:08:24","date_gmt":"2016-08-23T14:08:24","guid":{"rendered":"http:\/\/fg45phpnet.phpnet.org\/connexion-animale\/?page_id=686"},"modified":"2025-08-28T19:12:36","modified_gmt":"2025-08-28T17:12:36","slug":"ces-animaux-qui-nous-font-peur","status":"publish","type":"page","link":"https:\/\/connexion-animale.com\/?page_id=686","title":{"rendered":"Ces animaux qui nous font peur"},"content":{"rendered":"<p style=\"text-align: center;\"><strong><span style=\"color: #333399;\"><em>Depuis la nuit des temps,\u00a0 face \u00e0 ce qui nous semble \u00eatre diff\u00e9rent de nous\u00a0 et donc que nous jugeons souvent dangereux, nous avons appris \u00e0 \u00eatre vigilant, craintif voir apeur\u00e9.<\/em><\/span><\/strong><\/p>\n<p style=\"text-align: center;\"><strong><span style=\"color: #333399;\"><em>La peur est une \u00e9motion qui indique notre besoin d\u2019\u00eatre en s\u00e9curit\u00e9, d\u2019\u00eatre prot\u00e9g\u00e9, de contr\u00f4ler.\u00a0<\/em><\/span><\/strong><\/p>\n<p style=\"text-align: center;\"><strong><span style=\"color: #333399;\"><em>Lorsque nous rencontrons une esp\u00e8ce qui nous est inconnue ou que nous ne comprenons pas, l\u2019instinct de pr\u00e9servation peut nous amener \u00e0 avoir des comportements agressifs envers elle. <\/em><\/span><\/strong><\/p>\n<p style=\"text-align: center;\"><strong><span style=\"color: #333399;\"><em>Mais cette peur de certains animaux ne serait-elle pas une projection de nos propres zones d\u2019ombre?<\/em><\/span><\/strong><\/p>\n<p>&nbsp;<\/p>\n<p style=\"text-align: justify;\">Cet atelier vous permettra d\u2019appr\u00e9hender votre peur de certains animaux, d&rsquo;explorer vos zones d&rsquo;ombre et de vous relier \u00e0 la toile de vie.<\/p>\n<p style=\"text-align: justify;\">Pour plus d&rsquo;informations sur le contenu du stage, cliquez sur le lien pdf ci-dessous.<\/p>\n<p style=\"text-align: justify;\"><span style=\"color: #800080;\"><a style=\"color: #800080;\" href=\"http:\/\/connexion-animale.com\/wp-content\/uploads\/2025\/08\/Ces-animaux-qui-nous-font-peur.pdf\">Ces animaux qui nous font peur<\/a><\/span><\/p>\n<p style=\"text-align: justify;\">Les prochaines dates d&rsquo;atelier se trouvent sur la page \u00e9v\u00e9nement.<\/p>\n","protected":false},"excerpt":{"rendered":"<p>Depuis la nuit des temps,\u00a0 face \u00e0 ce qui nous semble \u00eatre diff\u00e9rent de nous\u00a0 et donc que nous jugeons souvent dangereux, nous avons appris \u00e0 \u00eatre vigilant, craintif voir apeur\u00e9. La peur est une \u00e9motion qui indique notre besoin d\u2019\u00eatre en s\u00e9curit\u00e9, d\u2019\u00eatre prot\u00e9g\u00e9, de contr\u00f4ler.\u00a0 Lorsque nous rencontrons une esp\u00e8ce qui nous est inconnue ou que nous ne comprenons pas, l\u2019instinct de pr\u00e9servation peut nous amener \u00e0 avoir des comportements agressifs envers elle. Mais cette peur de certains animaux ne serait-elle pas une projection de nos propres zones d\u2019ombre? &nbsp; Cet atelier vous permettra d\u2019appr\u00e9hender votre peur de certains animaux, d&rsquo;explorer vos zones d&rsquo;ombre et de vous relier \u00e0 la toile de vie. Pour plus d&rsquo;informations sur le contenu du stage, cliquez sur le lien pdf ci-dessous. Ces animaux qui nous font peur Les prochaines dates d&rsquo;atelier se trouvent sur la page \u00e9v\u00e9nement.<\/p>\n","protected":false},"author":1,"featured_media":688,"parent":0,"menu_order":0,"comment_status":"closed","ping_status":"closed","template":"","meta":{"footnotes":""},"class_list":["post-686","page","type-page","status-publish","has-post-thumbnail","hentry"],"_links":{"self":[{"href":"https:\/\/connexion-animale.com\/index.php?rest_route=\/wp\/v2\/pages\/686","targetHints":{"allow":["GET"]}}],"collection":[{"href":"https:\/\/connexion-animale.com\/index.php?rest_route=\/wp\/v2\/pages"}],"about":[{"href":"https:\/\/connexion-animale.com\/index.php?rest_route=\/wp\/v2\/types\/page"}],"author":[{"embeddable":true,"href":"https:\/\/connexion-animale.com\/index.php?rest_route=\/wp\/v2\/users\/1"}],"replies":[{"embeddable":true,"href":"https:\/\/connexion-animale.com\/index.php?rest_route=%2Fwp%2Fv2%2Fcomments&post=686"}],"version-history":[{"count":1,"href":"https:\/\/connexion-animale.com\/index.php?rest_route=\/wp\/v2\/pages\/686\/revisions"}],"predecessor-version":[{"id":2075,"href":"https:\/\/connexion-animale.com\/index.php?rest_route=\/wp\/v2\/pages\/686\/revisions\/2075"}],"wp:featuredmedia":[{"embeddable":true,"href":"https:\/\/connexion-animale.com\/index.php?rest_route=\/"}],"wp:attachment":[{"href":"https:\/\/connexion-animale.com\/index.php?rest_route=%2Fwp%2Fv2%2Fmedia&parent=686"}],"curies":[{"name":"wp","href":"https:\/\/api.w.org\/{rel}","templated":true}]}}