{"id":730,"date":"2016-09-07T17:11:50","date_gmt":"2016-09-07T15:11:50","guid":{"rendered":"http:\/\/fg45phpnet.phpnet.org\/connexion-animale\/?page_id=730"},"modified":"2025-08-28T18:20:48","modified_gmt":"2025-08-28T16:20:48","slug":"a-la-decouverte-du-monde-animal","status":"publish","type":"page","link":"https:\/\/connexion-animale.com\/?page_id=730","title":{"rendered":"A la d\u00e9couverte du monde animal"},"content":{"rendered":"<p style=\"text-align: center;\"><strong>Stage\u00a0 <\/strong><\/p>\n<p style=\"text-align: center;\"><strong>Jeu de r\u00f4le \u00ab\u00a0 \u00e0 la d\u00e9couverte du monde animal\u00a0\u00bb<\/strong><\/p>\n<p style=\"text-align: center;\"><strong>pour tous les enfants \u00e2g\u00e9s de 7 \u00e0 11 ans<\/strong><\/p>\n<p style=\"text-align: center;\"><strong>\u00a0<\/strong><\/p>\n<p style=\"text-align: center;\">Vos enfants aiment les animaux et sont passionn\u00e9s par la nature\u00a0? Ils sont curieux \u00a0d\u2019apprendre le mode de vie de certaines esp\u00e8ces\u00a0? N\u2019attendez plus, ce stage est fait pour eux.\u00a0!<\/p>\n<p style=\"text-align: center;\">A travers un jeu de r\u00f4le, les enfants partiront \u00e0 la d\u00e9couverte d\u2019un milieu naturel en particulier (for\u00eat, milieu aquatique, prairie\u2026) et de ses animaux. Au d\u00e9but du stage, les enfants avec l\u2019aide des animateurs d\u00e9termineront tous les \u00e9l\u00e9ments li\u00e9s aux esp\u00e8ces qu\u2019ils ont choisi d\u2019incarner (lieu de vie, nourriture, pr\u00e9dateur\u2026). Ils seront amen\u00e9s par la suite \u00e0 construire les d\u00e9cors du jeu, \u00e0 cr\u00e9er un masque repr\u00e9sentant leur animal, etc. A la fin du stage, les enfants joueront la vie de l\u2019animal dans son habitat au travers d\u2019une pi\u00e8ce de th\u00e9\u00e2tre.<\/p>\n<p style=\"text-align: center;\">Ce stage permettra aux enfants de d\u00e9velopper leur confiance en eux ainsi que leur cr\u00e9ativit\u00e9 et facult\u00e9 d\u2019expression.<\/p>\n<p style=\"text-align: center;\">Ils partiront enrichis d\u2019une belle exp\u00e9rience et de nouvelles connaissances sur ce monde fascinant qui nous entoure.<\/p>\n<p><img fetchpriority=\"high\" decoding=\"async\" class=\"alignnone size-full wp-image-1966\" src=\"http:\/\/connexion-animale.com\/wp-content\/uploads\/2025\/08\/Stage-jeu-de-roles-300x290-1.jpg\" alt=\"\" width=\"300\" height=\"290\" \/> <img decoding=\"async\" class=\"size-full wp-image-1965 alignright\" src=\"http:\/\/connexion-animale.com\/wp-content\/uploads\/2025\/08\/stage-jeu-de-role2-2-300x225-1.jpg\" alt=\"\" width=\"300\" height=\"225\" \/><\/p>\n<p>&nbsp;<\/p>\n<p>&nbsp;<\/p>\n","protected":false},"excerpt":{"rendered":"<p>Stage\u00a0 Jeu de r\u00f4le \u00ab\u00a0 \u00e0 la d\u00e9couverte du monde animal\u00a0\u00bb pour tous les enfants \u00e2g\u00e9s de 7 \u00e0 11 ans \u00a0 Vos enfants aiment les animaux et sont passionn\u00e9s par la nature\u00a0? Ils sont curieux \u00a0d\u2019apprendre le mode de vie de certaines esp\u00e8ces\u00a0? N\u2019attendez plus, ce stage est fait pour eux.\u00a0! A travers un jeu de r\u00f4le, les enfants partiront \u00e0 la d\u00e9couverte d\u2019un milieu naturel en particulier (for\u00eat, milieu aquatique, prairie\u2026) et de ses animaux. Au d\u00e9but du stage, les enfants avec l\u2019aide des animateurs d\u00e9termineront tous les \u00e9l\u00e9ments li\u00e9s aux esp\u00e8ces qu\u2019ils ont choisi d\u2019incarner (lieu de vie, nourriture, pr\u00e9dateur\u2026). Ils seront amen\u00e9s par la suite \u00e0 construire les d\u00e9cors du jeu, \u00e0 cr\u00e9er un masque repr\u00e9sentant leur animal, etc. A la fin du stage, les enfants joueront la vie de l\u2019animal dans son habitat au travers d\u2019une pi\u00e8ce de th\u00e9\u00e2tre. Ce stage permettra aux enfants de d\u00e9velopper leur confiance en eux ainsi que leur cr\u00e9ativit\u00e9 et facult\u00e9 d\u2019expression. Ils partiront enrichis d\u2019une belle exp\u00e9rience et de nouvelles connaissances sur ce monde fascinant qui nous entoure. &nbsp; &nbsp;<\/p>\n","protected":false},"author":1,"featured_media":0,"parent":0,"menu_order":0,"comment_status":"closed","ping_status":"closed","template":"","meta":{"footnotes":""},"class_list":["post-730","page","type-page","status-publish","hentry"],"_links":{"self":[{"href":"https:\/\/connexion-animale.com\/index.php?rest_route=\/wp\/v2\/pages\/730","targetHints":{"allow":["GET"]}}],"collection":[{"href":"https:\/\/connexion-animale.com\/index.php?rest_route=\/wp\/v2\/pages"}],"about":[{"href":"https:\/\/connexion-animale.com\/index.php?rest_route=\/wp\/v2\/types\/page"}],"author":[{"embeddable":true,"href":"https:\/\/connexion-animale.com\/index.php?rest_route=\/wp\/v2\/users\/1"}],"replies":[{"embeddable":true,"href":"https:\/\/connexion-animale.com\/index.php?rest_route=%2Fwp%2Fv2%2Fcomments&post=730"}],"version-history":[{"count":1,"href":"https:\/\/connexion-animale.com\/index.php?rest_route=\/wp\/v2\/pages\/730\/revisions"}],"predecessor-version":[{"id":2040,"href":"https:\/\/connexion-animale.com\/index.php?rest_route=\/wp\/v2\/pages\/730\/revisions\/2040"}],"wp:attachment":[{"href":"https:\/\/connexion-animale.com\/index.php?rest_route=%2Fwp%2Fv2%2Fmedia&parent=730"}],"curies":[{"name":"wp","href":"https:\/\/api.w.org\/{rel}","templated":true}]}}