{"id":755,"date":"2016-09-08T15:21:46","date_gmt":"2016-09-08T13:21:46","guid":{"rendered":"http:\/\/fg45phpnet.phpnet.org\/connexion-animale\/?page_id=755"},"modified":"2025-08-28T18:25:00","modified_gmt":"2025-08-28T16:25:00","slug":"a-chaque-espece-ses-besoins","status":"publish","type":"page","link":"https:\/\/connexion-animale.com\/?page_id=755","title":{"rendered":"A chaque esp\u00e8ce ses besoins"},"content":{"rendered":"<p>Chaque enfant devra s\u2019armer de patience pour comprendre et noter les besoins de diff\u00e9rentes esp\u00e8ces observ\u00e9es directement dans la nature.<\/p>\n<p>A la suite de ceci, diff\u00e9rents questionnements seront initi\u00e9s :<\/p>\n<p>Avons-nous les m\u00eame besoins ?<\/p>\n<p>Quelles sont les \u00e9motions que nous ressentons lorsque nous ne pouvons satisfaire nos besoins ?<\/p>\n<p>Les animaux peuvent-ils ressentir de telles \u00e9motions ?<\/p>\n<p>Quelle est le lieu de vie de chaque animal? \u2026<\/p>\n<p>&nbsp;<\/p>\n<p><strong>Bienfaits:<\/strong><\/p>\n<ul>\n<li>D\u00e9veloppe la<strong> concentration et l\u2019\u00e9coute<\/strong>;<\/li>\n<li>Favorise la prise de <strong>conscience des ressentis<\/strong> et des besoins de l\u2019enfant et de tous les \u00eatres vivants<b>;<\/b><\/li>\n<li>Permet une <strong>meilleur compr\u00e9hension<\/strong> des \u00e9cosyst\u00e8mes et de leurs habitants.<\/li>\n<\/ul>\n<p>&nbsp;<\/p>\n<p><img fetchpriority=\"high\" decoding=\"async\" class=\"alignnone size-full wp-image-1968 aligncenter\" src=\"http:\/\/connexion-animale.com\/wp-content\/uploads\/2025\/08\/binoculars-300x203-1.jpg\" alt=\"\" width=\"300\" height=\"203\" \/><\/p>\n<p>&nbsp;<\/p>\n","protected":false},"excerpt":{"rendered":"<p>Chaque enfant devra s\u2019armer de patience pour comprendre et noter les besoins de diff\u00e9rentes esp\u00e8ces observ\u00e9es directement dans la nature. A la suite de ceci, diff\u00e9rents questionnements seront initi\u00e9s : Avons-nous les m\u00eame besoins ? Quelles sont les \u00e9motions que nous ressentons lorsque nous ne pouvons satisfaire nos besoins ? Les animaux peuvent-ils ressentir de telles \u00e9motions ? Quelle est le lieu de vie de chaque animal? \u2026 &nbsp; Bienfaits: D\u00e9veloppe la concentration et l\u2019\u00e9coute; Favorise la prise de conscience des ressentis et des besoins de l\u2019enfant et de tous les \u00eatres vivants; Permet une meilleur compr\u00e9hension des \u00e9cosyst\u00e8mes et de leurs habitants. &nbsp; &nbsp;<\/p>\n","protected":false},"author":1,"featured_media":0,"parent":0,"menu_order":0,"comment_status":"closed","ping_status":"closed","template":"","meta":{"footnotes":""},"class_list":["post-755","page","type-page","status-publish","hentry"],"_links":{"self":[{"href":"https:\/\/connexion-animale.com\/index.php?rest_route=\/wp\/v2\/pages\/755","targetHints":{"allow":["GET"]}}],"collection":[{"href":"https:\/\/connexion-animale.com\/index.php?rest_route=\/wp\/v2\/pages"}],"about":[{"href":"https:\/\/connexion-animale.com\/index.php?rest_route=\/wp\/v2\/types\/page"}],"author":[{"embeddable":true,"href":"https:\/\/connexion-animale.com\/index.php?rest_route=\/wp\/v2\/users\/1"}],"replies":[{"embeddable":true,"href":"https:\/\/connexion-animale.com\/index.php?rest_route=%2Fwp%2Fv2%2Fcomments&post=755"}],"version-history":[{"count":1,"href":"https:\/\/connexion-animale.com\/index.php?rest_route=\/wp\/v2\/pages\/755\/revisions"}],"predecessor-version":[{"id":2043,"href":"https:\/\/connexion-animale.com\/index.php?rest_route=\/wp\/v2\/pages\/755\/revisions\/2043"}],"wp:attachment":[{"href":"https:\/\/connexion-animale.com\/index.php?rest_route=%2Fwp%2Fv2%2Fmedia&parent=755"}],"curies":[{"name":"wp","href":"https:\/\/api.w.org\/{rel}","templated":true}]}}