{"id":763,"date":"2016-09-08T15:56:29","date_gmt":"2016-09-08T13:56:29","guid":{"rendered":"http:\/\/fg45phpnet.phpnet.org\/connexion-animale\/?page_id=763"},"modified":"2025-08-28T18:28:37","modified_gmt":"2025-08-28T16:28:37","slug":"la-liberte-cest-quoi-pour-toi","status":"publish","type":"page","link":"https:\/\/connexion-animale.com\/?page_id=763","title":{"rendered":"La libert\u00e9 c&rsquo;est quoi pour toi?"},"content":{"rendered":"<p>A travers la <b>cr\u00e9ation collective d\u2019un poster <\/b>(collage de photos, de citations, de po\u00e8mes, peinture, dessin), les enfants aborderont la notion de Libert\u00e9 en tant que valeur.<\/p>\n<p>Il s&rsquo;en suivre une discussion collective:<\/p>\n<p>Qu\u2019est-ce que la libert\u00e9\u00a0?<\/p>\n<p>Est tu libre\u00a0? A l\u2019\u00e9cole\u00a0? avec tes parents\u00a0?<\/p>\n<p>Qu\u2019est ce que je ressens lorsque je ne suis pas libre\u00a0?<\/p>\n<p>Qui n\u2019est pas libre\u00a0? Les animaux dans les zoo\u00a0? Ton animal de compagnie\u00a0? Que ressent-il\u00a0? Comment r\u00e9agit-il\u00a0?<\/p>\n<p>Peut-on tout faire lorsque l\u2019on est libre\u00a0? Libert\u00e9 et Responsabilit\u00e9, Libert\u00e9 et Respect de l\u2019autre.<\/p>\n<p><strong>Bienfaits:<\/strong><\/p>\n<ul>\n<li>Cr\u00e9ation collective : partage des t\u00e2ches, respect des opinions;<\/li>\n<li>Raisonnement, expression orale et repr\u00e9sentation cr\u00e9ative.<\/li>\n<\/ul>\n<p><img fetchpriority=\"high\" decoding=\"async\" class=\"alignnone size-full wp-image-1976\" src=\"http:\/\/connexion-animale.com\/wp-content\/uploads\/2025\/08\/IMGP9289-300x200-1.jpg\" alt=\"\" width=\"300\" height=\"200\" \/> <img decoding=\"async\" class=\"size-full wp-image-1977 alignright\" src=\"http:\/\/connexion-animale.com\/wp-content\/uploads\/2025\/08\/IMGP9294-300x200-1.jpg\" alt=\"\" width=\"300\" height=\"200\" \/><\/p>\n<p>&nbsp;<\/p>\n\n\n<p><\/p>\n","protected":false},"excerpt":{"rendered":"<p>A travers la cr\u00e9ation collective d\u2019un poster (collage de photos, de citations, de po\u00e8mes, peinture, dessin), les enfants aborderont la notion de Libert\u00e9 en tant que valeur. Il s&rsquo;en suivre une discussion collective: Qu\u2019est-ce que la libert\u00e9\u00a0? Est tu libre\u00a0? A l\u2019\u00e9cole\u00a0? avec tes parents\u00a0? Qu\u2019est ce que je ressens lorsque je ne suis pas libre\u00a0? Qui n\u2019est pas libre\u00a0? Les animaux dans les zoo\u00a0? Ton animal de compagnie\u00a0? Que ressent-il\u00a0? Comment r\u00e9agit-il\u00a0? Peut-on tout faire lorsque l\u2019on est libre\u00a0? Libert\u00e9 et Responsabilit\u00e9, Libert\u00e9 et Respect de l\u2019autre. Bienfaits: Cr\u00e9ation collective : partage des t\u00e2ches, respect des opinions; Raisonnement, expression orale et repr\u00e9sentation cr\u00e9ative. &nbsp;<\/p>\n","protected":false},"author":1,"featured_media":766,"parent":0,"menu_order":0,"comment_status":"closed","ping_status":"closed","template":"","meta":{"footnotes":""},"class_list":["post-763","page","type-page","status-publish","has-post-thumbnail","hentry"],"_links":{"self":[{"href":"https:\/\/connexion-animale.com\/index.php?rest_route=\/wp\/v2\/pages\/763","targetHints":{"allow":["GET"]}}],"collection":[{"href":"https:\/\/connexion-animale.com\/index.php?rest_route=\/wp\/v2\/pages"}],"about":[{"href":"https:\/\/connexion-animale.com\/index.php?rest_route=\/wp\/v2\/types\/page"}],"author":[{"embeddable":true,"href":"https:\/\/connexion-animale.com\/index.php?rest_route=\/wp\/v2\/users\/1"}],"replies":[{"embeddable":true,"href":"https:\/\/connexion-animale.com\/index.php?rest_route=%2Fwp%2Fv2%2Fcomments&post=763"}],"version-history":[{"count":1,"href":"https:\/\/connexion-animale.com\/index.php?rest_route=\/wp\/v2\/pages\/763\/revisions"}],"predecessor-version":[{"id":2046,"href":"https:\/\/connexion-animale.com\/index.php?rest_route=\/wp\/v2\/pages\/763\/revisions\/2046"}],"wp:featuredmedia":[{"embeddable":true,"href":"https:\/\/connexion-animale.com\/index.php?rest_route=\/"}],"wp:attachment":[{"href":"https:\/\/connexion-animale.com\/index.php?rest_route=%2Fwp%2Fv2%2Fmedia&parent=763"}],"curies":[{"name":"wp","href":"https:\/\/api.w.org\/{rel}","templated":true}]}}